 n be 3 - 4 - 3 - 6. What is the units digit of (52/(-5))/(n/25)?
6
Suppose 5*d + 3*u = d + 27, 2*d + 5*u - 31 = 0. Suppose 5*b - 36 = d*s, 26 = -0*b + 3*b - 4*s. Suppose 0 = -6*c + 5*c + b. What is the units digit of c?
6
Suppose -2*t - 5*a = -57, -t + 80 = 2*t + 2*a. What is the units digit of t?
6
Suppose 2*n - 124 = -4*p, 3*p = 3*n + 55 + 20. Suppose 71 = 2*r - p. What is the tens digit of r?
5
Let p(i) = 7*i + 1. Let f be p(5). What is the units digit of ((-1)/1)/((-3)/f)?
2
What is the units digit of 148/14*6 - 30/70?
3
Let l be (-36)/(-8) + (-3)/(-6). Let b = l - -6. What is the tens digit of b?
1
Let z(y) = -1 - 2*y + 2 - y**3 + 7*y - 4*y**2. What is the units digit of z(-5)?
1
Suppose -19 + 49 = 5*p. Let v(a) = a**3 - 5*a**2 - 4*a. What is the units digit of v(p)?
2
Let f(q) = -2*q**3 + q**2 - 4*q - 3. Let z be ((-4)/6)/((-1)/(-3)). What is the tens digit of f(z)?
2
What is the units digit of -1*(-1 - -4) + 24?
1
Suppose 3*t - 5*d + 26 = 2*t, 3*t = 4*d - 34. Let r(m) = -m**3 + m**2 + 3*m + 3. Let b be r(3). What is the units digit of (-76)/t + (-2)/b?
3
Let g(y) = y**2 + 10*y. Let h be g(-11). Let i = h - -7. What is the tens digit of i?
1
Let d(g) = g**3 + 6*g**2 - 6*g + 9. Suppose -5*c = 23 + 12. Let n be d(c). Suppose o - n = 5. What is the units digit of o?
7
Let i = -137 + 241. What is the units digit of i?
4
Let a(o) = -3*o - 10. Let j(f) = 2*f + 1. Let t be j(-4). What is the tens digit of a(t)?
1
Let o(f) be the second derivative of -f**3/6 - f**2/2 - 4*f. What is the units digit of o(-4)?
3
Let q = 3 + -5. Let i be (0 - q/4)*6. Suppose 10 = -t - 4*g, 4*g + i = -4*t - 1. What is the units digit of t?
2
Let q be 11/(4*2/120). Suppose -5*y - 4*x + 2*x = -q, 5*y - 150 = x. What is the tens digit of y?
3
Let j(a) = -9 - a**3 + 2 - 2*a - 5*a + 2*a**3 - 4*a**2. What is the units digit of j(6)?
3
Let a(n) = -8*n - 14. What is the units digit of a(-6)?
4
Suppose z + 2*z = -5*i + 345, 2*z + i = 223. What is the hundreds digit of z?
1
Suppose -4*d + 2*v = -52, 5*d - 32 = 2*v + 32. Suppose 0 = -4*l + 6*l - d. What is the units digit of l?
6
What is the units digit of (-18)/(-81) - (-718)/9?
0
Let j(c) = -c**3 - 5*c**2 - 5*c - 1. Let o(k) = -5*k. Let u be o(1). Let h be j(u). Suppose -4*i + 5*s + h = -2, -14 = -2*i + 2*s. What is the units digit of i?
9
Let h(m) = 3*m**3 + 2 - 2*m**3 + 11*m - 5*m - 3*m**2 + m. Let x(o) = o**3 - 3*o**2 + 6*o + 2. Let s(q) = -4*h(q) + 5*x(q). What is the units digit of s(2)?
2
Suppose -11*j = -18*j + 1071. What is the hundreds digit of j?
1
Let n be (-8 - -9) + 1 + 1. What is the tens digit of 75/3*n/5?
1
Suppose -g + 18 = 2*g. Let x(k) = k**3 - 7*k**2 + 7*k + 3. Let u be x(g). What is the units digit of (u/6)/(6/8)?
2
Suppose 9*x = 4*x - 30. Let i = -5 - x. What is the units digit of (i + 0)/((-1)/(-13))?
3
Let i = -39 - -17. What is the tens digit of 1*(-2)/2 - i?
2
Suppose 2*n = -3*n + x + 173, 2*x + 171 = 5*n. What is the tens digit of n?
3
Let c(q) = q + 6. Let p be ((-4)/(-5))/(2/15). Let x be c(p). Suppose 0 = -3*f + 4*r + x, 4*f + 7*r - 41 = 4*r. What is the units digit of f?
8
What is the units digit of ((-2 + 0)*1)/((-2)/68)?
8
Let t(i) be the second derivative of 7*i**3/6 - 8*i**2 + 11*i. What is the units digit of t(8)?
0
Let w = -66 + 121. What is the units digit of w?
5
What is the units digit of (1267/(-10) + (-8)/(-40))*-2?
3
What is the units digit of (-1*1/2)/(23/(-6348))?
8
What is the units digit of (-58)/(-7) + 14/(-49)?
8
What is the units digit of ((-6)/(-3))/((-6)/(-51))?
7
Let r be 74 - (3 - 0 - 1). Suppose x + 4*y - r = -4*x, -51 = -5*x + 3*y. What is the units digit of x?
2
What is the units digit of (((-144)/5)/3)/(12/(-80))?
4
Let l(f) = f**3 - 2. Let j be l(0). Let n(s) = s**2 - 22*s - 1. Let m be n(22). What is the tens digit of ((-44)/(-8))/(m/j)?
1
Let v(i) = 6*i + 1. Let l be v(1). Suppose 17 = 5*f + l. Suppose -f = r - 8. What is the units digit of r?
6
Let t(v) be the first derivative of -v**2/2 + 9*v + 2. Let o be t(5). Let p = 5 - o. What is the units digit of p?
1
Suppose -584 = -4*k + y, 0*k + 292 = 2*k - 5*y. What is the units digit of k?
6
Let h(x) = x + 7. Let k be h(-5). Let g = 20 - k. What is the units digit of (-122)/(-12) - 3/g?
0
Let b(c) = -18*c + 19. Let u be b(-13). Suppose -2*t = 5*y - u, -t + 57 = y + t. What is the tens digit of y?
4
Suppose 15 = -0*w - 5*w. What is the units digit of w + 4 + 22/2?
2
Suppose 3*g + 45 = 2*k, 48 = 4*k - 2*k - 4*g. What is the tens digit of k?
1
Suppose 20*c - 15*c = 685. What is the hundreds digit of c?
1
Let z(q) = 114*q - 6. What is the tens digit of z(2)?
2
Let h be (37/2)/(2/4). Let d = 54 - h. What is the units digit of d?
7
Let t(i) = 12*i. Let q be t(-1). Let y = q - -23. What is the tens digit of y?
1
Let f(h) be the first derivative of h**3/3 + 5*h**2/2 - 4*h - 2. Let a be f(-5). Let m = a + 5. What is the units digit of m?
1
Let l(f) = f**3 + 7*f**2 + f. What is the tens digit of l(-3)?
3
Suppose -4*d = 2*b - 686, 3*b + 70 = d - 84. What is the tens digit of d?
6
Suppose -350 = -4*q - 5*r, -r = -3*q - 4*r + 264. What is the tens digit of q?
9
Let i be (2 - 0)*(-30)/(-4). Let g = i - 11. What is the units digit of g?
4
Suppose -4*m - 2*b = -3*b - 1269, 657 = 2*m - 5*b. What is the tens digit of m?
1
Let o be 39 + (4 + 8)/(-3). Suppose -f + b = -0 - 21, 3*f - o = -4*b. What is the units digit of f?
7
Let l = 103 - -35. Suppose 5*j = 2*j + l. Suppose 0 = r + 3*r - 2*w - 38, -j = -5*r + w. What is the units digit of r?
9
Suppose -2*z - 6 = -0*z - 2*o, 0 = -z - 2*o - 3. Let w be 20/(-12)*z*10. Suppose 8*j - 3*j = w. What is the units digit of j?
0
Let q = 8 + -4. Suppose -q*u = -0*u - 16. Suppose u*m - 10 = 3*m. What is the tens digit of m?
1
Let r be -2 - ((-7 - -1) + 1). Suppose 0 = r*y - 2*y + 6. Let i(q) = -q + 6. What is the units digit of i(y)?
2
What is the units digit of 1*((-8)/(-44) + (-2130)/(-22))?
7
Suppose -4*c + 2*y + 132 = -3*y, 2*c = -2*y + 48. Suppose c - 100 = -3*h. What is the units digit of h?
4
Suppose -4*n - 4*h - 27 = -5*h, -4*n = -2*h + 30. Let v = 10 + n. Suppose v*p - 58 + 10 = 0. What is the tens digit of p?
1
Suppose -3*z - 3*t - 6 = -6*z, -2*z + 5*t = 11. Let w = z - 4. What is the units digit of (-2 - -3)*(w + 14)?
7
Let c = 2 - -6. Suppose -5*n + 18 = c. What is the units digit of (1/2)/(1/n)?
1
Suppose -13 = u + 13. Let v(q) = -q**3 + q**2 + 2*q + 3. Let m be v(3). Let g = m - u. What is the tens digit of g?
1
Suppose 5*g = 2*q + 2*q + 151, 4*q = g - 27. What is the units digit of g?
1
Let c be ((-108)/10)/((-12)/30). Let t = 56 - c. What is the units digit of t?
9
Let w(n) = n**3 + 7*n**2 + 6*n. Let q be w(-6). Suppose -g + 3*j - j + 9 = q, -j = 4*g - 18. What is the units digit of g/(-15) + 31/3?
0
Suppose 25 = -4*p - 5*r, -r = -3*p - 2*p + 5. Let q = 4 - p. Suppose 3 = q*h - 9. What is the units digit of h?
3
Suppose -1 = -s + 3. Suppose -3*w = -s*w + 13. What is the units digit of w?
3
What is the units digit of (-12)/18 - 26/(-3)?
8
What is the units digit of (3/42*20)/(4/14)?
5
Suppose c - 21 = -7. What is the units digit of (-2)/(-2 + 24/c)?
7
Let y(b) = b + 4. Let h be y(-4). Let c = h - 0. Suppose 4*j - 2*m = -4*m + 16, -3*j + 3*m + 21 = c. What is the units digit of j?
5
Suppose 2*t + 1 = n, 4*n + n - 2*t = 13. Suppose -4*v + 17 - 39 = 2*m, -n*m + 17 = -4*v. Let c = v - -7. What is the units digit of c?
2
Let w(m) = -m**3 - 22*m**2 - 27*m - 6. What is the units digit of w(-21)?
0
Let x = 29 - 17. What is the tens digit of x?
1
Suppose -s = -2*a + 4 + 4, -s = -4*a + 18. What is the units digit of a?
5
Let v be ((-3)/2)/((-9)/(-12)). Let k = 20 - 14. What is the units digit of k + (v - -4 - 3)?
5
Let l = 57 + -40. What is the tens digit of l?
1
Suppose -2*r - 1130 = -5*i - 6*r, 0 = -i - 5*r + 205. What is the units digit of i?
0
Let i be 4/(-12) - 14/(-6). Suppose 49 = i*r + 1. What is the units digit of r?
4
Let j(g) = g + 4. Let p(f) = -f - 1. Let n be p(-4). Suppose 15 = -3*a, 2*h - n*a - 17 + 6 = 0. What is the units digit of j(h)?
2
Let c(a) = -a**3 + a**2 + a - 1. Let g be c(1). Suppose g = 4*n - 16 - 0. Suppose n*q = 8 + 8. What is the units digit of q?
4
Let d = -22 - -31. What is the tens digit of (-2)/6 + 192/d?
2
Suppose -x + 5*b + 3 = 15, -4*x = 2*b + 4. Let f